7 and 254?
127
What is the greatest common divisor of 483 and 21?
21
What is the highest common divisor of 649 and 11?
11
What is the highest common factor of 39517 and 86?
43
What is the greatest common factor of 55 and 1250?
5
What is the highest common divisor of 20 and 1975?
5
What is the greatest common factor of 504 and 3888?
72
Calculate the greatest common factor of 1377 and 102.
51
Calculate the greatest common factor of 979 and 22.
11
What is the greatest common factor of 539 and 55?
11
Calculate the greatest common divisor of 371 and 689.
53
What is the greatest common factor of 3 and 2142?
3
Calculate the highest common divisor of 22 and 814.
22
What is the greatest common divisor of 480 and 460?
20
Calculate the highest common divisor of 2327 and 13.
13
What is the greatest common factor of 9 and 25?
1
What is the greatest common factor of 5678 and 34?
34
What is the highest common divisor of 524 and 1441?
131
What is the highest common divisor of 445 and 801?
89
What is the highest common divisor of 1241 and 51?
17
What is the greatest common divisor of 1122 and 198?
66
Calculate the highest common factor of 1083 and 1349.
19
Calculate the highest common factor of 5 and 400.
5
What is the highest common factor of 1000 and 460?
20
Calculate the highest common factor of 77 and 35.
7
What is the greatest common divisor of 1054 and 340?
34
Calculate the greatest common factor of 217 and 301.
7
What is the greatest common divisor of 75 and 3405?
15
What is the greatest common divisor of 11 and 451?
11
Calculate the highest common divisor of 1099 and 21.
7
Calculate the greatest common factor of 483 and 16583.
161
What is the highest common factor of 5474 and 17?
17
What is the highest common factor of 1155 and 4785?
165
What is the greatest common factor of 3536 and 2448?
272
Calculate the highest common factor of 55 and 33.
11
What is the greatest common divisor of 225 and 1975?
25
Calculate the highest common factor of 50 and 305.
5
What is the highest common factor of 49 and 1519?
49
What is the greatest common divisor of 98 and 112?
14
What is the greatest common factor of 69 and 1817?
23
Calculate the greatest common divisor of 84 and 6432.
12
What is the highest common divisor of 1 and 67?
1
What is the highest common factor of 289 and 102?
17
What is the highest common factor of 22 and 23408?
22
What is the greatest common factor of 188 and 470?
94
What is the greatest common factor of 62 and 2?
2
Calculate the highest common divisor of 8 and 2536.
8
What is the highest common factor of 11788 and 56?
28
What is the highest common divisor of 5848 and 272?
136
What is the highest common divisor of 3219 and 870?
87
Calculate the highest common divisor of 144 and 240.
48
Calculate the greatest common factor of 1240 and 10.
10
Calculate the greatest common factor of 44 and 6677.
11
What is the highest common divisor of 483 and 138?
69
Calculate the highest common divisor of 50958 and 228.
114
Calculate the greatest common divisor of 78 and 572.
26
Calculate the highest common divisor of 92 and 70012.
92
What is the greatest common factor of 8236 and 213?
71
Calculate the highest common divisor of 9 and 651.
3
Calculate the highest common factor of 391 and 51.
17
Calculate the greatest common factor of 13 and 26.
13
Calculate the greatest common divisor of 56 and 14.
14
Calculate the greatest common factor of 360 and 45.
45
What is the greatest common divisor of 816 and 6?
6
What is the greatest common factor of 246 and 820?
82
What is the highest common factor of 1863 and 138?
69
What is the highest common factor of 486 and 6?
6
What is the highest common divisor of 234 and 26?
26
Calculate the greatest common divisor of 32 and 1184.
32
What is the greatest common divisor of 924 and 112?
28
Calculate the greatest common factor of 316 and 3950.
158
What is the highest common divisor of 20556 and 36?
36
Calculate the greatest common factor of 465 and 7.
1
What is the greatest common factor of 2 and 2554?
2
What is the greatest common divisor of 24598 and 753?
251
What is the greatest common divisor of 2925 and 150?
75
What is the highest common divisor of 371 and 7?
7
Calculate the greatest common factor of 189 and 63.
63
What is the greatest common factor of 36 and 369?
9
Calculate the greatest common divisor of 178 and 26522.
178
What is the highest common factor of 16 and 8752?
16
Calculate the highest common factor of 208 and 24856.
104
Calculate the highest common divisor of 4769 and 1004.
251
What is the greatest common factor of 56 and 910?
14
Calculate the greatest common factor of 21 and 469.
7
What is the greatest common divisor of 240 and 90?
30
Calculate the greatest common factor of 37 and 2109.
37
Calculate the highest common factor of 246 and 20418.
246
Calculate the greatest common divisor of 312 and 71760.
312
Calculate the highest common factor of 580 and 4002.
58
Calculate the greatest common factor of 189 and 3888.
27
Calculate the highest common divisor of 44 and 253.
11
Calculate the highest common divisor of 1 and 1223.
1
Calculate the greatest common factor of 187 and 68.
17
What is the greatest common factor of 26 and 5798?
26
What is the highest common factor of 24 and 5364?
12
Calculate the greatest common factor of 14955 and 10.
5
Calculate the highest common divisor of 95 and 10.
5
What is the greatest common divisor of 54 and 333?
9
What is the highest common factor of 1160 and 8?
8
What is the highest common divisor of 222 and 777?
111
Calculate the highest common factor of 660 and 600.
60
Calculate the highest common divisor of 470 and 7097.
47
What is the greatest common factor of 6 and 993?
3
What is the greatest common divisor of 21735 and 15?
15
What is the highest common divisor of 88 and 23012?
44
Calculate the highest common factor of 4 and 764.
4
Calculate the greatest common factor of 153 and 102.
51
Calculate the greatest common factor of 190 and 10.
10
What is the greatest common factor of 1 and 1?
1
What is the highest common divisor of 18 and 6822?
18
What is the highest common factor of 302 and 67346?
302
Calculate the greatest common divisor of 1134 and 450.
18
What is the highest common factor of 24 and 1176?
24
Calculate the highest common divisor of 11 and 44.
11
What is the highest common divisor of 19 and 28481?
19
Calculate the greatest common divisor of 530 and 1802.
106
What is the highest common divisor of 50 and 525?
25
Calculate the greatest common factor of 177 and 9.
3
What is the greatest common factor of 32682 and 26?
26
Calculate the highest common divisor of 2054 and 26.
26
What is the greatest common divisor of 92 and 5?
1
Calculate the highest common divisor of 64 and 14.
2
Calculate the highest common factor of 760 and 288.
8
What is the highest common factor of 504 and 448?
56
What is the highest common factor of 37 and 4033?
37
Calculate the highest common divisor of 85 and 5.
5
Calculate the highest common divisor of 111 and 296.
37
What is the greatest common divisor of 8316 and 132?
132
What is the greatest common factor of 266 and 7?
7
Calculate the greatest common divisor of 1812 and 12.
12
What is the greatest common factor of 10 and 90?
10
What is the highest common divisor of 29 and 464?
29
Calculate the greatest common divisor of 1927 and 517.
47
Calculate the greatest common divisor of 24320 and 1140.
380
What is the highest common divisor of 120 and 5430?
30
Calculate the highest common factor of 94 and 94.
94
What is the greatest common divisor of 62 and 24?
2
What is the highest common factor of 128 and 7264?
32
Calculate the highest common divisor of 1192 and 1937.
149
What is the highest common factor of 65 and 390?
65
What is the greatest common factor of 1961 and 53?
53
Calculate the greatest common factor of 204 and 12.
12
What is the highest common divisor of 117 and 377?
13
Calculate the greatest common factor of 7979 and 79.
79
What is the highest common divisor of 19061 and 49?
49
What is the highest common factor of 135 and 54?
27
Calculate the highest common divisor of 1866 and 156.
6
Calculate the highest common divisor of 553 and 2923.
79
Calculate the highest common factor of 36 and 4419.
9
Calculate the greatest common divisor of 1120